s digit of 244683?
6
What is the thousands digit of 1457081?
7
What is the hundred thousands digit of 252759?
2
What is the ten thousands digit of 1878511?
7
What is the units digit of 20967538?
8
What is the units digit of 15677322?
2
What is the hundreds digit of 4108069?
0
What is the units digit of 6677015?
5
What is the hundreds digit of 13152362?
3
What is the hundred thousands digit of 4532320?
5
What is the hundred thousands digit of 1372527?
3
What is the tens digit of 468036?
3
What is the hundred thousands digit of 104339?
1
What is the tens digit of 26124?
2
What is the thousands digit of 115114?
5
What is the hundreds digit of 436781?
7
What is the hundred thousands digit of 5203577?
2
What is the units digit of 139834?
4
What is the ten thousands digit of 194397?
9
What is the thousands digit of 1079958?
9
What is the units digit of 1974912?
2
What is the millions digit of 1419873?
1
What is the units digit of 141609?
9
What is the tens digit of 304870?
7
What is the ten thousands digit of 2419862?
1
What is the tens digit of 1744080?
8
What is the hundred thousands digit of 2656317?
6
What is the ten thousands digit of 1385380?
8
What is the tens digit of 1101094?
9
What is the ten thousands digit of 54564?
5
What is the hundreds digit of 3375751?
7
What is the units digit of 562421?
1
What is the millions digit of 16710499?
6
What is the hundred thousands digit of 147629?
1
What is the units digit of 46931?
1
What is the units digit of 13198859?
9
What is the hundreds digit of 39294?
2
What is the tens digit of 26581283?
8
What is the hundreds digit of 1183613?
6
What is the thousands digit of 510428?
0
What is the tens digit of 13455?
5
What is the ten thousands digit of 16995?
1
What is the ten thousands digit of 71439?
7
What is the tens digit of 1004935?
3
What is the ten thousands digit of 4990628?
9
What is the ten thousands digit of 2007115?
0
What is the units digit of 965413?
3
What is the thousands digit of 29500?
9
What is the millions digit of 6591798?
6
What is the millions digit of 1816752?
1
What is the thousands digit of 11089383?
9
What is the units digit of 978778?
8
What is the ten thousands digit of 102721?
0
What is the hundreds digit of 458972?
9
What is the hundreds digit of 451254?
2
What is the millions digit of 1714349?
1
What is the units digit of 484878?
8
What is the tens digit of 8753460?
6
What is the ten thousands digit of 2708591?
0
What is the hundreds digit of 11711?
7
What is the ten thousands digit of 4943661?
4
What is the tens digit of 369158?
5
What is the hundreds digit of 5138009?
0
What is the tens digit of 110299?
9
What is the tens digit of 331690?
9
What is the ten thousands digit of 4186068?
8
What is the tens digit of 193250?
5
What is the thousands digit of 4481853?
1
What is the units digit of 5008738?
8
What is the tens digit of 4975062?
6
What is the ten thousands digit of 3241459?
4
What is the millions digit of 1063458?
1
What is the hundred thousands digit of 399128?
3
What is the units digit of 18748037?
7
What is the millions digit of 1349410?
1
What is the thousands digit of 7341808?
1
What is the ten millions digit of 23460870?
2
What is the millions digit of 1057516?
1
What is the thousands digit of 315809?
5
What is the units digit of 190815?
5
What is the hundred thousands digit of 1348819?
3
What is the millions digit of 1064874?
1
What is the hundreds digit of 4894224?
2
What is the hundred thousands digit of 8514001?
5
What is the ten thousands digit of 93486?
9
What is the tens digit of 2204176?
7
What is the ten thousands digit of 146196?
4
What is the hundreds digit of 139813?
8
What is the hundreds digit of 49540?
5
What is the units digit of 2540361?
1
What is the units digit of 11288888?
8
What is the hundreds digit of 2248873?
8
What is the ten thousands digit of 105390?
0
What is the hundred thousands digit of 553127?
5
What is the thousands digit of 17785927?
5
What is the thousands digit of 22805750?
5
What is the hundreds digit of 177868?
8
What is the units digit of 262283?
3
What is the hundreds digit of 136286?
2
What is the units digit of 3496621?
1
What is the tens digit of 65589?
8
What is the thousands digit of 795712?
5
What is the hundred thousands digit of 17055629?
0
What is the ten thousands digit of 2371136?
7
What is the tens digit of 20335528?
2
What is the hundreds digit of 356363?
3
What is the hundreds digit of 85375?
3
What is the ten thousands digit of 170363?
7
What is the hundreds digit of 623787?
7
What is the hundred thousands digit of 8397732?
3
What is the hundreds digit of 230653?
6
What is the tens digit of 2977016?
1
What is the tens digit of 691200?
0
What is the tens digit of 14279662?
6
What is the ten thousands digit of 475973?
7
What is the hundred thousands digit of 3449195?
4
What is the tens digit of 37607?
0
What is the units digit of 14331117?
7
What is the thousands digit of 415594?
5
What is the thousands digit of 6009079?
9
What is the tens digit of 306569?
6
What is the hundred thousands digit of 6027780?
0
What is the thousands digit of 4855691?
5
What is the units digit of 349563?
3
What is the ten thousands digit of 3617115?
1
What is the millions digit of 3548647?
3
What is the units digit of 316573?
3
What is the hundred thousands digit of 28539464?
5
What is the tens digit of 1928639?
3
What is the hundreds digit of 1550778?
7
What is the ten millions digit of 30085067?
3
What is the tens digit of 812030?
3
What is the tens digit of 15384878?
7
What is the hundreds digit of 49066?
0
What is the hundred thousands digit of 3873257?
8
What is the units digit of 38767?
7
What is the ten thousands digit of 182422?
8
What is the ten millions digit of 11505742?
1
What is the units digit of 5732842?
2
What is the hundreds digit of 518116?
1
What is the ten thousands digit of 2046870?
4
What is the units digit of 132563?
3
What is the ten millions digit of 22863680?
2
What is the tens digit of 93524?
2
What is the ten thousands digit of 64703?
6
What is the ten thousands digit of 94410?
9
What is the tens digit of 764727?
2
What is the ten thousands digit of 6504878?
0
What is the tens digit of 351327?
2
What is the ten thousands digit of 252928?
5
What is the hundreds digit of 6630258?
2
What is the thousands digit of 9322894?
2
What is the hundred thousands digit of 1799879?
7
What is the hundreds digit of 494042?
0
What is the ten thousands digit of 255087?
5
What is the units digit of 249152?
2
What is the ten millions digit of 11871915?
1
What is the tens digit of 7038563?
6
What is the thousands digit of 362110?
2
What is the thousands digit of 509910?
9
What is the hundred thousands digit of 8218080?
2
What is the millions digit of 4251543?
4
What is the millions digit of 11891030?
1
What is the units digit of 227412?
2
What is the thousands digit of 280316?
0
What is the thousands digit of 4871724?
1
What is the units digit of 986482?
2
What is the tens digit of 244031?
3
What is the tens digit of 255709?
0
What is the tens digit of 462324?
2
What is the ten thousands digit of 407425?
0
What is the thousands digit of 160993?
0
What is the units digit of 356504?
4
What is the units digit of 140070?
0
What is the ten thousands digit of 2050779?
5
What is the hundreds digit of 4190920?
9
What is the hundreds digit of 62282?
2
What is the units digit of 6975649?
9
What is the hundred thousands digit of 5020911?
0
What is the ten thousands digit of 27724092?
2
What is the tens digit of 4022813?
1
What is the ten thousands digit of 3302051?
0
What is the tens digit of 227731?
3
What is the ten thousands digit of 119127?
1
What is the tens digit of 734624?
2
What is the hundred thousands digit of 11797908?
7
What is the units digit of 262345?
5
What is the ten millions digit of 10736697?
1
What is the hundreds digit of 1178610?
6
What is the tens digit of 7898179?
7
What is the tens digit of 649407?
0
What is the ten thousands digit of 2733049?
3
What is the thousands digit of 882594?
2
What is the hundreds digit of 4378333?
3
What is the thousands digit of 1065696?
5
What is the hundred thousands digit of 3359408?
3
What is the hundreds digit of 489940?
9
What is the ten millions digit of 17360857?
1
What i